2112
In base 8, what is -150 + -73?
-243
In base 11, what is 1 - -17?
18
In base 4, what is 1222 - 121?
1101
In base 7, what is 5 - 100?
-62
In base 16, what is -4 - 1f97?
-1f9b
In base 10, what is -3 - -137?
134
In base 4, what is -11 + -30?
-101
In base 5, what is -14040 + 0?
-14040
In base 5, what is -10 - 31133?
-31143
In base 16, what is -4 - 4f?
-53
In base 11, what is 2 - 1176?
-1174
In base 4, what is -3 - 210?
-213
In base 14, what is a5 - 0?
a5
In base 2, what is 10100 - -1100?
100000
In base 3, what is 200222 + 10?
201002
In base 2, what is -11 + 10110?
10011
In base 12, what is -106 - -1?
-105
In base 15, what is -10 - -7?
-8
In base 11, what is 4 - -10a?
113
In base 4, what is 332 + -11?
321
In base 4, what is -1 + -1220?
-1221
In base 16, what is -351 + -2?
-353
In base 2, what is -1101111 - 11?
-1110010
In base 13, what is 13 + 30?
43
In base 10, what is 2 + 1609?
1611
In base 15, what is -27a + 0?
-27a
In base 9, what is 5 + 820?
825
In base 3, what is 20000 + 12?
20012
In base 11, what is -3 - 270?
-273
In base 12, what is -3a + 28?
-12
In base 9, what is -6 - -1032?
1025
In base 12, what is 9 - -12?
1b
In base 4, what is -1 + -10223?
-10230
In base 9, what is -144 + -1?
-145
In base 16, what is -2 + 54?
52
In base 12, what is -19 + 14?
-5
In base 6, what is -133 - -15?
-114
In base 5, what is 1303 + 2?
1310
In base 9, what is 4 + -127?
-123
In base 11, what is -161 + -4?
-165
In base 16, what is 1f - -5?
24
In base 16, what is -40 + 6?
-3a
In base 3, what is -2 + 11102200?
11102121
In base 5, what is -2 - -110?
103
In base 16, what is 14fa + 4?
14fe
In base 9, what is 6 + -3503?
-3486
In base 6, what is -2242 - 2?
-2244
In base 10, what is -1450 - 1?
-1451
In base 6, what is -1 + -43?
-44
In base 9, what is -3 + -70?
-73
In base 2, what is -1011111010 - -1?
-1011111001
In base 11, what is -433 - -2?
-431
In base 15, what is 5 - bd?
-b8
In base 6, what is 11521 - 0?
11521
In base 14, what is -15 - -28d?
278
In base 16, what is -2a + 4?
-26
In base 12, what is 4 + -31?
-29
In base 11, what is -5 + 133?
129
In base 10, what is 1 - 70?
-69
In base 14, what is -603 - -3?
-600
In base 13, what is -1 - 2a3?
-2a4
In base 11, what is 0 - -130?
130
In base 16, what is db - 4?
d7
In base 16, what is 28 - -9e?
c6
In base 8, what is -5 - -220?
213
In base 9, what is -135 - 3?
-138
In base 6, what is -1 - 41153?
-41154
In base 4, what is 3 + 321?
330
In base 2, what is 0 - 110111?
-110111
In base 6, what is -420 - -5?
-411
In base 8, what is 25 - -4?
31
In base 14, what is -39 - -3?
-36
In base 11, what is 39 + -a?
2a
In base 2, what is 11 - 1100?
-1001
In base 2, what is -10 + 1010110001?
1010101111
In base 12, what is 29 - 2?
27
In base 9, what is -188 + 3?
-185
In base 9, what is 3 + -12?
-8
In base 8, what is -5666 + -4?
-5672
In base 4, what is 101021 + 1?
101022
In base 8, what is -22124 - -1?
-22123
In base 15, what is 1c0 - -1c?
1dc
In base 12, what is 11b - -b?
12a
In base 14, what is -c61 + 5?
-c5a
In base 8, what is -3327 + 2?
-3325
In base 6, what is -3 + 14021?
14014
In base 9, what is -6687 - -1?
-6686
In base 12, what is -104 + -58?
-160
In base 5, what is -340023 - -3?
-340020
In base 2, what is -101 + -1000011101011?
-1000011110000
In base 8, what is -62 - 3?
-65
In base 3, what is -1101101 - 1?
-1101102
In base 5, what is 3 - -120?
123
In base 12, what is 45b - -3?
462
In base 15, what is -142 + -c?
-14e
In base 3, what is 1020 - -1011?
2101
In base 13, what is -1 + cb0?
cac
In base 12, what is 1 - 29?
-28
In base 8, what is -7 + 3?
-4
In base 12, what is -83 + 25?
-5a
In base 3, what is -10 + -2012?
-2022
In base 4, what is 3 + -10112?
-10103
In base 16, what is -3 + -901?
-904
In base 10, what is 148 - 2?
146
In base 2, what is 100 - 1001011110010?
-1001011101110
In base 4, what is 31 + 112?
203
In base 3, what is -101201 + 0?
-101201
In base 6, what is -21 - -22?
1
In base 15, what is -2 - bb8?
-bba
In base 11, what is -114 + -68?
-181
In base 11, what is 39a8 - -6?
3a03
In base 10, what is 22 - 1?
21
In base 9, what is 1628 - -2?
1631
In base 13, what is -3 - 2a?
-30
In base 9, what is 6 - -60?
66
In base 7, what is 5 - -115?
123
In base 13, what is -57 + -4?
-5b
In base 11, what is -6a5 + 13?
-692
In base 10, what is 28 - -2?
30
In base 3, what is -1000 + 1?
-222
In base 4, what is 200 - 2?
132
In base 16, what is 3 - 5d?
-5a
In base 9, what is -10 - 430?
-440
In base 3, what is 211022210 + 1?
211022211
In base 10, what is 320 - -4?
324
In base 11, what is 69 + 3?
71
In base 8, what is -2026 - 4?
-2032
In base 10, what is 5 + 3?
8
In base 7, what is 255 + 4?
262
In base 3, what is -1011 + -12?
-1100
In base 2, what is -11 + 10010010?
10001111
In base 7, what is -34636 - 4?
-34643
In base 5, what is -3 + 23102?
23044
In base 6, what is 143 - 2?
141
In base 12, what is -39 - -31?
-8
In base 10, what is -2891 + 3?
-2888
In base 11, what is -439 + -1?
-43a
In base 7, what is 44 + -124?
-50
In base 2, what is 100 - -1010?
1110
In base 8, what is 1 + -50?
-47
In base 10, what is 6 - -2398?
2404
In base 6, what is -3434 + 5?
-3425
In base 3, what is -11 + 11011?
11000
In base 8, what is 15552 + -1?
15551
In base 3, what is 1 - 110000?
-102222
In base 9, what is 73 - -70?
153
In base 9, what is 3 + -18?
-15
In base 11, what is -26 + a?
-17
In base 7, what is 1 + -12452?
-12451
In base 15, what is 8 - -24d?
256
In base 14, what is -6 - 35?
-3b
In base 8, what is -12 - 524?
-536
In base 16, what is ad - -4?
b1
In base 3, what is -100220 + -20?
-101010
In base 12, what is 68 - 42?
26
In base 2, what is 10 - -1000000?
1000010
In base 12, what is -1 + -29?
-2a
In base 15, what is -4 - -573?
56e
In base 2, what is 1110011 + -1?
1110010
In base 2, what is 110001000 - -10?
110001010
In base 6, what is -2353 + -4?
-2401
In base 5, what is -33 + -22?
-110
In base 11, what is 337 + 1?
338
In base 13, what is -5a9 + -1?
-5aa
In base 6, what is -5 + 253?
244
In base 14, what is 107 - -4?
10b
In base 5, what is 10 + 224?
234
In base 11, what is -4 - -38?
34
In base 16, what is 0 - -71f?
71f
In base 10, what is 5 + 379?
384
In base 10, what is -25 + 25?
0
In base 4, what is 11 + 1021101?
1021112
In base 15, what is 2 + 329?
32b
In base 6, what is -520 + 112?
-404
In base 4, what is 13 + 2112?
2131
In base 7, what is 221 + 4?
225
In base 13, what is -13 - -3?
-10
In base 12, what is 8 - -40?
48
In base 11, what is 76 + 0?
76
In base 12, what is -9 + -3?
-10
In base 14, what is 22 - -17?
39
In base 9, what is -35 + 10?
-25
In base 4, what is -312011 + -2?
-312013
In base 8, what is -1 + 4024?
4023
In base 12, what is -39b + -4?
-3a3
In base 16, what is -73 - 49?
-bc
In base 9, what is -313 - 6?
-320
In base 2, what is -11010 - -11?
-10111
In base 7, what is -16 + -534?
-553
In base 2, what is 100 + -1000111100?
-1000111000
In base 5, what is 13 - 22?
-4
In base 9, what is -5 + 182?
176
In base 11, what is 2a1 + -3?
299
In base 11, what is 1467 - 4?
1463
In base 3, what is 2112 + 1?
2120
In base 4, what is -3121 - -2?
-3113
In base 16, what is -a - 2?
-c
In base 5, what is -30301 - -3?
-30243
In base 9, what is 13 + -174?
-161
In base 5, what is -3432 + 4?
-3423
In base 13, what is -992 + 4?
-98b
In base 8, what is -15 + -502?
-517
In base 11, what is -17 + -10a?
-126
In base 2, what is 10000111 - -11?
10001010
In base 9, what is -325 - 0?
-325
In base 16, what is 1 - 115?
-114
In base 5, what is -233 + -211?
-444
In base 4, what is -213322 - -11?
-213311
In base 12, what is -a8 + 4?
-a4
In base 3, what is 10 + 2101?
2111
In base 4, what is -312 - 202?
-1120
In base 5, what is 1033 + 10?
1043
In base 5, what is -22 - 341?
-413
In base 7, what is 5 + -23?
-15
In base 7, what is 221 - -4?
225
In base 8, what is -4 - 53?
-57
In base 2, what is 10 - -100100101?
100100111
In base 9, what is 1 + -448?
-447
In base 2, what is 0 + 10001110101?
10001110101
In base 12, what is 5 + -8b7?
-8b2
In base 6, what is 114 - -441?
555
In base 9, what is 12 + 32?
44
In base 5, what is 100 + 10?
110
In base 12, what is 32 - -18?
4a
In base 14, what is 1d - -350?
36d
In base 6, what is 52 + 45?
141
In base 6, what is -1 - 152?
-153
In base 14, what is -11a5 - -5?
-11a0
In base 3, what is -100 + -100?
-200
In base 8, what is 1274 - 3?
1271
In base 11, what is 